e -4*q - 5*x + 68 = -0*q, -5*x = 3*q - 56. What is the units digit of q?
2
Let z(v) = -v + 3*v + 2*v + 1 + 2*v**2 - 2*v - 23*v**3. Let d be z(-1). Suppose r = -2*r + d. What is the units digit of r?
8
Let c(k) = 13*k - 3. Let g be c(2). Let a = -17 + 33. Let d = g - a. What is the units digit of d?
7
Let m = 27 - 21. Suppose 2*z - 3 = -1. What is the tens digit of (3 - 1)/(z/m)?
1
Let f be 1/(-4) - (-99)/44. Suppose -f*b + 0*b = -106. What is the units digit of b?
3
Let h = 4 + -4. Suppose h = b - 0*b - 9. What is the units digit of b?
9
Let s = 431 - 30. What is the tens digit of s?
0
Let u(a) = 7*a**2 + 3 - 1 + 9 - a**3 + 11*a - 5. What is the tens digit of u(8)?
3
Let n = -6 - -17. What is the tens digit of n?
1
Let f = 0 + 7. Let t = 12 - f. What is the units digit of t?
5
Suppose 0*s + 5 = -5*s. Let h = s - -4. Let n = 2 + h. What is the units digit of n?
5
Let p(f) = f**3 + 6*f**2 - f - 3. Let u be p(-6). Let n be (-4)/(-2) - (u - 4). Suppose n*c = -c + 48. What is the tens digit of c?
1
Suppose -n + 10 = -4*h - 8, 0 = -3*n + h + 10. Let y be ((-2 + 1)*2)/n. What is the units digit of 0 + (10 - 2 - y)?
9
Suppose 0*s = 3*t - s + 34, -5*s + 14 = -3*t. Let m = t + 38. What is the tens digit of m?
2
Suppose 2*x = 5*b - 70, 0*b = 2*x - 4*b + 66. Let r = x + 53. What is the tens digit of r?
2
Let w = 121 + -34. What is the tens digit of w?
8
Let t(z) = -15*z. What is the tens digit of t(-1)?
1
Let b be 2/(-9) - (-620)/36. Suppose 0 = -2*v - k + b, -2 - 3 = -k. What is the units digit of v?
6
Suppose 91 = 2*a + 5*w, -2 = -w + 3. Let p be 2/8 - a/(-12). Suppose -p*h - h + 32 = 0. What is the units digit of h?
8
Suppose 0 = -2*k + 5*c + 24, -5*c + 4 = 3*k - 7. Let r(f) = f - 2. Let t be r(k). Suppose -3*s = -23 + t. What is the units digit of s?
6
Suppose -41 = -x + 19. Let y(q) = q**2 + 4*q - 5. Let i be y(-15). Suppose -5*u - x = -i. What is the units digit of u?
0
What is the units digit of ((-1)/(-2) + 0)*58?
9
Suppose w = -3*w + 8. Suppose -m - w*b = -70 + 15, 4*b - 275 = -5*m. What is the units digit of m?
5
Let b(i) = i - 1. Let z be b(4). Suppose f - 4*t = t - 11, z*t = -3*f + 39. What is the units digit of f?
9
Suppose 0 = -3*i + o + 3*o + 448, 0 = 3*o - 15. What is the hundreds digit of i?
1
Suppose 2*w + w = 0. Let a = -5 - w. What is the units digit of -28*(10/4)/a?
4
Suppose 9*u = -6*u + 405. What is the tens digit of u?
2
Let z(n) = n**2 + 8*n - 7. Let y be z(-9). Suppose -y*i = 5*s + i - 72, s - 2*i = 17. What is the tens digit of s?
1
What is the tens digit of -3 - (65 + -1)/(-3 + 2)?
6
Let m be 1/5 + (-189)/(-5). Suppose m = 4*i - 46. What is the tens digit of i?
2
Suppose 191 + 34 = 3*r. What is the units digit of r?
5
Let d = 34 + -5. What is the units digit of d?
9
Let v(h) = 4*h**2 + h. Let r be v(-1). Suppose -22 = -r*s + 4*y, -4*s + y + 26 = -y. What is the units digit of s?
6
Let c(t) = t**3 + 9*t**2 - 20*t - 9. What is the units digit of c(-10)?
1
Let x(z) = -2*z + 1. Let s(i) = 2*i + 2. Let v be s(-2). Let w be x(v). Suppose 4*t - w*t + 4 = 0. What is the units digit of t?
4
What is the tens digit of 1*-3*8855/(-105)?
5
Suppose 5*p - 23 = 27. What is the tens digit of p?
1
Suppose -4*i + y + 133 = 0, 185 = 3*i + 2*i + 5*y. Suppose -i = -n - 15. What is the tens digit of n?
1
Let q(c) = c**2 - 5*c - 4. Let w be q(5). What is the units digit of 276/48 - 1/w?
6
Let k be 6/(-8)*(1 + -5). Suppose f - 72 = -4*d - 0*d, 3*d = k*f + 54. Suppose 5*p - 2*a - d = 0, -2*a + 6 - 20 = -4*p. What is the units digit of p?
4
Let d = 3 - 9. Let z(y) = y**3 + 6*y**2 + 7. What is the units digit of z(d)?
7
Suppose -x + 128 = 5*l - 2*l, 168 = x - 5*l. What is the units digit of x?
3
Let p = 17 - -6. Suppose -73 = -3*n + k, 0 = -2*n + 3*k + 14 + p. What is the tens digit of n?
2
Let q = 52 - -9. What is the units digit of q?
1
Suppose 0 = -v + 2*l - 9, 2*v + 0*v + 2*l = 0. What is the units digit of (-3 + 0)*16/v?
6
Let o = 29 - -22. Let y be -2*2/(-8)*-10. What is the tens digit of o*(y - -3)/(-6)?
1
Let z = 3 - 0. Suppose 2*a - 9 = -z. Suppose 0 = j - a*r - 14, j + r + 0 = -2. What is the units digit of j?
2
What is the tens digit of 6/(-27) + (-670)/(-18)?
3
Suppose -3*p + 168 = -4*w, 5*w - 3*w = 6. What is the tens digit of p?
6
Let g = -13 + 5. Let p = g - -11. Suppose p*w + w = 4. What is the units digit of w?
1
Let b = 1 - -14. What is the tens digit of b?
1
What is the tens digit of (20 - (-2 + 1)) + 1?
2
Let c = -3 - -26. Let y = c + -10. What is the tens digit of y?
1
Let l(m) = m**3 - 10*m**2 - 3. Let u be l(10). What is the units digit of (0 + 39)/(u/(-2))?
6
What is the units digit of (-132)/(-21) - (-4)/(-14)?
6
Let d = -9 - -13. Suppose 0 + 12 = d*z. Suppose 0 = z*r - 37 + 7. What is the units digit of r?
0
Let o(k) = 3*k**2 + 9*k - 5. What is the tens digit of o(-10)?
0
Let u be 1/((-9)/(-4) - 2). Suppose 0 = -b - 5*g + 42, -u*b - g + 2*g = -168. What is the units digit of (-4)/(-6)*b/4?
7
Let g(u) = -4*u - 2. What is the units digit of g(-1)?
2
Suppose 3 - 1 = -2*c. Let l = c - -3. What is the units digit of l?
2
Let r(l) be the third derivative of l**6/360 - l**5/60 + l**4/8 + 4*l**2. Let g(v) be the second derivative of r(v). What is the tens digit of g(9)?
1
Let a(p) = 6*p**2 - 2*p - 4. What is the units digit of a(-2)?
4
What is the tens digit of 12/78 + (-1322)/(-26)?
5
Let z(p) be the third derivative of 7/60*p**5 + 0*p**3 + 1/24*p**4 + p**2 + 0 + 0*p. What is the units digit of z(1)?
8
Let w(b) = -b**2 - 4*b - 3. Let k = -4 + 8. Suppose 2 = -t, -3*n - n - k*t = 16. What is the units digit of w(n)?
1
Let s(o) = 59*o - 1. What is the units digit of s(1)?
8
Suppose 3*i + 34 = -u + 9, -4*u - 4*i = 60. Let f = 17 + u. What is the units digit of f?
7
Suppose -2*y + 48 = 5*b - 2*b, -5*b - 5*y = -85. Let a = b + -3. What is the units digit of a?
1
Let g(t) = -t + 13. Let s be 4 + (-3)/1*5. What is the units digit of g(s)?
4
Suppose 2 = -0*h - 2*h, 0 = 2*k - h - 1. Suppose k = -x - 0*x + 5. Suppose -2*w = -x - 9. What is the units digit of w?
7
Suppose -d - u + 36 = -5*u, 4*u + 124 = 3*d. What is the units digit of d?
4
Let w(i) be the second derivative of -i**4/24 + 17*i**3/6 - i**2/2 - 3*i. Let a(r) be the first derivative of w(r). What is the units digit of a(7)?
0
Let l = 34 - 24. What is the units digit of 132/l + 2/(-10)?
3
Let y = -8 - -14. Suppose -4*r + 4*m = -124, -r + m - y*m + 25 = 0. What is the tens digit of r?
3
Let j(r) be the first derivative of r**3/3 + r**2 - 5*r + 3. Let w be j(-5). What is the units digit of -1 + w/2 + -1?
3
Suppose 0*c - 4*c - 16 = 0, -166 = -2*x + 5*c. What is the tens digit of x?
7
Suppose 7 = 4*y - 5. Suppose -9 = -4*j + y*j. What is the units digit of j?
9
What is the hundreds digit of (-902)/(-6) + 34/51?
1
Suppose 0 = -4*c + 3*i + 31, 4*i = 3*c - 0*c - 32. Suppose -a - c*f = -3*f - 28, -4*a + 4*f = -104. What is the tens digit of a?
2
Let b = 0 + 8. Let g = b + -3. Suppose 18 = g*x - 2*x. What is the units digit of x?
6
Suppose -2 = 2*g - 30. Let o(f) = 4*f - 15. What is the tens digit of o(g)?
4
Let y be (-15)/(-3)*(-1)/1. Let m = 7 + y. Suppose h + m*h = 30. What is the tens digit of h?
1
Let o(i) = -2*i - 10. Let c be o(9). Let x = -19 - c. What is the units digit of x + 0/(1/(-1))?
9
Let a(q) = -q**3 + 18*q**2 + 11*q - 16. What is the hundreds digit of a(18)?
1
Suppose 1 = g - 1. Suppose 1 = -g*u + 3. Let c = 11 - u. What is the tens digit of c?
1
Suppose -d - 42 + 209 = 0. What is the tens digit of d?
6
Let m = -4 + 4. What is the units digit of -1*(m - -7)*-1?
7
Let d be 5 - -2 - (2 - -1). Suppose 2*m + 4*f = 6, -d*m = -2*f - 0*f - 12. Suppose 0 = y + 4*a + 9, 5*y - 5*a - 21 = m*y. What is the units digit of y?
3
What is the tens digit of 2/2 - 131/(-1)?
3
Let z(t) = t**2 - 4*t + 6. Suppose j = -2*u + 2*j - 7, j + 3 = 0. Let b be ((-8)/10)/(1/u). What is the units digit of z(b)?
6
Let q(d) = 9*d**2 + 2*d. Let u be q(-2). Suppose 4*c - u = -4*f, 4*c = 5*f - 6 + 83. What is the tens digit of c?
1
Let f(r) = r**3 - 6*r**2 + 7*r - 3. Let t be f(5). Let q(b) = b**3 - 6*b**2 - 4*b - 5. Let n be q(t). Suppose n = m + 3. What is the units digit of m?
3
Let l be 396/(-42) + (-6)/(-14). Let r(y) = y**2 + 6*y - 11. What is the tens digit of r(l)?
1
Suppose -k = 3*j - 120 + 44, -3*k + 